se 4, what is -1333322 - 3?
-1333331
In base 4, what is -3 + -122022311?
-122022320
In base 3, what is -102 - -110200101?
110122222
In base 12, what is 1167 - 234?
b33
In base 5, what is -10 - -2031413?
2031403
In base 14, what is -1 + -72ad?
-72b0
In base 8, what is 241 + 702?
1143
In base 16, what is -3e7e - -2?
-3e7c
In base 10, what is 18 + 7102?
7120
In base 11, what is -2 + 344507?
344505
In base 12, what is 3 + 127b95?
127b98
In base 14, what is 93c + -282?
69a
In base 4, what is 13311 + 1230?
21201
In base 11, what is -13130 + 4?
-13127
In base 6, what is -220 + 3120?
2500
In base 6, what is -23 + 12220?
12153
In base 4, what is 21231 + -112?
21113
In base 2, what is -1 + 1100100111?
1100100110
In base 13, what is -8 + 4343a?
43432
In base 2, what is -10110010100010011 - 100?
-10110010100010111
In base 15, what is -cd76 - 3?
-cd79
In base 4, what is 3 + 2100220112?
2100220121
In base 4, what is -2120201 - -3?
-2120132
In base 12, what is 106995 + 8?
1069a1
In base 10, what is -3 + -108560?
-108563
In base 8, what is 702 - -17032?
17734
In base 7, what is 0 + -62432?
-62432
In base 16, what is 1832 + 6?
1838
In base 9, what is 28811 + 17?
28828
In base 12, what is 21442 - 6?
21438
In base 3, what is 21121 + 1221001?
2012122
In base 16, what is -225da1 - 1?
-225da2
In base 10, what is 5 + 606762?
606767
In base 14, what is -20087 + 0?
-20087
In base 14, what is -5 - 3038?
-303d
In base 16, what is -6ca90 + -3?
-6ca93
In base 10, what is 9 + -12090?
-12081
In base 7, what is 116514 + 2?
116516
In base 5, what is -1214 + 1243?
24
In base 8, what is 272023 + 3?
272026
In base 11, what is -121971 - -5?
-121967
In base 12, what is b27 - -273?
119a
In base 13, what is 1a - 610?
-5c3
In base 12, what is 1 - -585922?
585923
In base 6, what is -343 - 2231?
-3014
In base 5, what is -32141333 - 3?
-32141341
In base 13, what is -3725b - -9?
-37252
In base 12, what is 22204 - -10?
22214
In base 9, what is -416 - 10?
-426
In base 2, what is 110 - 110001010011010?
-110001010010100
In base 11, what is 5 + -85149?
-85144
In base 9, what is -1 + -313055?
-313056
In base 3, what is -100110221111012 - -11?
-100110221111001
In base 13, what is -53a - 0?
-53a
In base 12, what is -3 - -77656?
77653
In base 15, what is 1dc17 - -4?
1dc1b
In base 16, what is -1fdeb + 2?
-1fde9
In base 6, what is 3 - 15124?
-15121
In base 11, what is 3 + 9a5a?
9a62
In base 11, what is -96 - 171?
-257
In base 3, what is 2101122 - 0?
2101122
In base 16, what is -1f5713 + 0?
-1f5713
In base 8, what is 110171 + 12?
110203
In base 11, what is -113a9 + 10?
-11399
In base 6, what is 2102 + 121210?
123312
In base 14, what is 197 + 194d?
1b06
In base 5, what is -4 + 12021010?
12021001
In base 2, what is -1000000101100011 - 1111?
-1000000101110010
In base 6, what is -353544 + -3?
-353551
In base 4, what is -1130 + 113212?
112022
In base 14, what is 11209 - 0?
11209
In base 13, what is 44 + 620?
664
In base 11, what is -14 - -13926?
13912
In base 9, what is -172 + 16231?
16048
In base 5, what is -1144 - -30221?
24022
In base 6, what is 2141113 - 0?
2141113
In base 7, what is 106 - 20466?
-20360
In base 12, what is 102835 + 0?
102835
In base 8, what is 70317 + 2?
70321
In base 15, what is 336 - 6b?
2ba
In base 13, what is -3 + 8cb12?
8cb0c
In base 2, what is -100 + -10011001110101000101?
-10011001110101001001
In base 16, what is d + 95c?
969
In base 13, what is 30 + -3cc7?
-3c97
In base 3, what is -122 + -1010220022?
-1010220221
In base 16, what is 3 - 1d18a?
-1d187
In base 15, what is -72ae - d?
-72bc
In base 16, what is -2b + -f2a?
-f55
In base 16, what is -2519 + 3?
-2516
In base 4, what is 2303 + 10?
2313
In base 13, what is 320 + 44?
364
In base 8, what is -4 - 11264?
-11270
In base 2, what is -1 + 101101010000101110?
101101010000101101
In base 9, what is -4412 - -721?
-3581
In base 2, what is 11 + 1110000010110000?
1110000010110011
In base 10, what is 26230 - -4?
26234
In base 4, what is 30200 - -1301?
32101
In base 2, what is 111110 + -101110011?
-100110101
In base 6, what is -10 - -12012?
12002
In base 10, what is -471 - -7?
-464
In base 8, what is -536 + 71?
-445
In base 10, what is -11297863 + -3?
-11297866
In base 11, what is 15a48a - 3?
15a487
In base 15, what is 229da - -5?
229e0
In base 13, what is 14c + 1175?
12c4
In base 5, what is -1202 - -13023?
11321
In base 3, what is 111100 + 2000020?
2111120
In base 2, what is -11000011000 + -10?
-11000011010
In base 12, what is 947 + -451?
4b6
In base 9, what is 384782 + 5?
384787
In base 13, what is -5 + -59ca8?
-59cb0
In base 9, what is -1136 - 2082?
-3228
In base 8, what is -27026 + 625?
-26201
In base 15, what is 1011 - 1e?
ee2
In base 4, what is -2231 - 1033?
-3330
In base 10, what is -206 + -396?
-602
In base 4, what is -2033 + 1321?
-112
In base 12, what is -4 + 5a15b?
5a157
In base 16, what is 58 - -5b?
b3
In base 8, what is -27 + -14705?
-14734
In base 9, what is 12721 - 321?
12400
In base 5, what is 43003031 - 3?
43003023
In base 8, what is 4 - 5474?
-5470
In base 15, what is 549 + 17?
561
In base 13, what is -208b2 - -1?
-208b1
In base 14, what is -354d5 + 0?
-354d5
In base 2, what is 110110010 - -11110111111?
100101110001
In base 4, what is -2111 - 22312?
-31023
In base 15, what is -2 - 67d1?
-67d3
In base 9, what is -45 + -22748?
-22804
In base 3, what is 1011001 + 2012?
1020020
In base 6, what is -232535 - 152?
-233131
In base 11, what is 7 - -18538?
18544
In base 8, what is 10 + -7130?
-7120
In base 2, what is -1001100100000001 + 11?
-1001100011111110
In base 14, what is 7 + 23916?
2391d
In base 4, what is 2221 - -101?
2322
In base 7, what is -261211 - 4?
-261215
In base 15, what is 4 - -1d84?
1d88
In base 2, what is 10 + -101000010100010001101?
-101000010100010001011
In base 5, what is 3033 + -31140?
-23102
In base 13, what is -4 - 2335?
-2339
In base 7, what is 2453 - 4?
2446
In base 7, what is -61350 + 26?
-61321
In base 5, what is -24302 - -1041?
-23211
In base 9, what is 154616 - -1?
154617
In base 8, what is 4062 - 53?
4007
In base 16, what is -a6 - -52?
-54
In base 8, what is 232 + -155?
55
In base 10, what is -54 - 588?
-642
In base 4, what is 2303303012 - -1?
2303303013
In base 7, what is -12156551 + -5?
-12156556
In base 10, what is -29601 - -4?
-29597
In base 14, what is -1101d - 6?
-11025
In base 12, what is -1545 + -56?
-159b
In base 3, what is -22 + 102112120?
102112021
In base 6, what is 12033 + -5334?
2255
In base 10, what is 12 - 12262?
-12250
In base 6, what is 105 + 125404?
125513
In base 11, what is -3 - -4934a5?
4934a2
In base 5, what is 334 - 22013?
-21124
In base 8, what is 3 - -114421?
114424
In base 14, what is 700 - -9?
709
In base 15, what is -2 + 9cb?
9c9
In base 8, what is -5 + 445512?
445505
In base 5, what is -113 - -23034?
22421
In base 16, what is 21 - -2cf?
2f0
In base 12, what is 70586 + 8?
70592
In base 4, what is 112202210 + 102?
112202312
In base 11, what is -27 + -2566?
-2592
In base 15, what is 1465 - -1?
1466
In base 12, what is -20284 - 3?
-20287
In base 7, what is 6 + 36245?
36254
In base 3, what is 110121 - 10012?
100102
In base 13, what is 554926 - 2?
554924
In base 12, what is -7 + 2177?
2170
In base 3, what is -1 - -1002010?
1002002
In base 14, what is 299 + 190c?
1ba7
In base 8, what is 1 + -105351?
-105350
In base 14, what is 0 - a2c3b?
-a2c3b
In base 9, what is -30504 - 3?
-30507
In base 4, what is 0 - 12323210?
-12323210
In base 10, what is 0 - 5266?
-5266
In base 6, what is 51153 + -12?
51141
In base 5, what is -4 - 233440302?
-233440311
In base 5, what is 23130243 - 10?
23130233
In base 15, what is -c15d - -1?
-c15c
In base 16, what is -6 - -14c?
146
In base 3, what is -12 + -110222100112?
-110222100201
In base 13, what is 5a + 2b59?
2bb6
In base 8, what is 1522314 - -5?
1522321
In base 7, what is 664 - 136?
525
In base 2, what is -10010010100100 + 110111111?
-10001011100101
In base 2, what is 1101111001 - -1010111?
1111010000
In base 11, what is 425 + 6847?
7171
In base 9, what is -2533 + -405?
-3038
In base 13, what is 6c + -1b7?
-148
In base 8, what is -464764 + -1?
-464765
In base 14, what is -12 - 11d8?
-120a
In base 11, what is 17359 + -37?
17322
In base 5, what is 10 - 14212110?
-14212100
In base 7, what is 11 + -1235014?
-1235003
In base 3, what is -20 + 12